1804489483 prime?
True
Is 4365299489 composite?
False
Is 168573593 a composite number?
False
Is 56953336909 a composite number?
True
Is 72263297089 a composite number?
True
Is 1317727253 composite?
False
Is 2270400673 a prime number?
True
Is 337982915 prime?
False
Is 88124179021 a composite number?
False
Is 19051690039 a prime number?
True
Is 65645588941 a prime number?
True
Is 3232200739 a prime number?
False
Is 1296067999 a prime number?
True
Is 340024537 a prime number?
True
Is 1472819677 composite?
True
Is 714302887 prime?
True
Is 31012324043 composite?
True
Is 47086187 a prime number?
True
Is 19123054207 composite?
False
Is 1362491587 a composite number?
True
Is 65690429603 a composite number?
False
Is 40357213843 a prime number?
False
Is 89204129983 a composite number?
False
Is 26798439 prime?
False
Is 145882547 composite?
False
Is 277546943 a composite number?
True
Is 2790451091 a prime number?
True
Is 394846567 prime?
True
Is 1541871377 composite?
False
Is 4562697679 composite?
True
Is 5279218111 a composite number?
False
Is 4449849997 a prime number?
False
Is 5241927283 prime?
True
Is 45289991 a composite number?
False
Is 17337606293 a composite number?
True
Is 6513405649 prime?
True
Is 563982007 prime?
True
Is 1336282131 prime?
False
Is 1711560581 composite?
False
Is 4236693119 a prime number?
False
Is 146546169067 prime?
True
Is 11906072093 a composite number?
False
Is 832933487 a prime number?
False
Is 20309605678 a prime number?
False
Is 59673629 composite?
True
Is 734184707 composite?
False
Is 4085152531 a composite number?
False
Is 1932319111 composite?
False
Is 5396409911 composite?
False
Is 102520051 composite?
True
Is 2168164793 prime?
True
Is 774115487 prime?
False
Is 693181117 a prime number?
False
Is 10116547559 a composite number?
False
Is 1178172683 a composite number?
False
Is 24484169663 composite?
False
Is 1775030087 composite?
False
Is 1032445571 a prime number?
True
Is 96622991 prime?
False
Is 3759153091 composite?
False
Is 20024260133 prime?
False
Is 12609218921 a composite number?
True
Is 311975311 a prime number?
True
Is 34224594049 composite?
False
Is 457208153 a composite number?
True
Is 31936425109 prime?
True
Is 13715308003 a prime number?
False
Is 172194199 prime?
False
Is 27454013341 a composite number?
True
Is 2627260409 a prime number?
True
Is 72681461 a prime number?
False
Is 53078620999 a composite number?
True
Is 5622454961 a prime number?
True
Is 6804123577 a composite number?
True
Is 85901537 a composite number?
True
Is 10691436377 composite?
False
Is 117644005981 composite?
True
Is 61869151031 composite?
True
Is 32153582767 a composite number?
False
Is 4362241231 a composite number?
False
Is 2824476269 composite?
False
Is 2365957382 a prime number?
False
Is 46867277321 composite?
True
Is 1948870861 a composite number?
True
Is 18157759 a prime number?
True
Is 7179588779 prime?
False
Is 418698011 composite?
False
Is 6097680383 a prime number?
True
Is 1552840451 prime?
False
Is 2620624717 a composite number?
False
Is 3491594747 a composite number?
True
Is 10092856909 composite?
False
Is 4544725091 composite?
False
Is 31109084221 a prime number?
True
Is 3509876471 composite?
False
Is 67581108949 a prime number?
False
Is 30986671589 prime?
True
Is 21699362021 composite?
False
Is 789362503 composite?
False
Is 428987803 a composite number?
False
Is 28984815239 composite?
False
Is 407100907 prime?
True
Is 221609117 composite?
True
Is 10379747 a prime number?
False
Is 751192157 prime?
True
Is 14381224951 a prime number?
False
Is 4173467471 prime?
True
Is 23486123027 composite?
False
Is 251277919 a prime number?
True
Is 1986119747 prime?
True
Is 116820157 a composite number?
True
Is 5822546287 prime?
True
Is 44356637 a composite number?
True
Is 1008417782 composite?
True
Is 3292320139 a composite number?
True
Is 12781703999 a composite number?
False
Is 20825947949 prime?
True
Is 7586342107 prime?
True
Is 88457335 composite?
True
Is 3151367567 a prime number?
True
Is 27596717809 a prime number?
False
Is 16048700677 composite?
False
Is 24667469 composite?
True
Is 1995829421 a prime number?
True
Is 834822613 prime?
False
Is 74413902829 prime?
False
Is 20930494883 prime?
False
Is 7366944209 a prime number?
True
Is 671551411 a composite number?
True
Is 8047112819 a prime number?
False
Is 143685847 prime?
False
Is 24589239347 a prime number?
False
Is 2554877441 composite?
True
Is 70802639447 composite?
False
Is 15390044701 composite?
False
Is 900778717 a prime number?
True
Is 148890111 composite?
True
Is 146861673851 prime?
False
Is 1326308251 a prime number?
False
Is 1923574439 a prime number?
False
Is 594265201 a composite number?
False
Is 1918693697 a prime number?
True
Is 4105099969 a composite number?
False
Is 11360576149 composite?
True
Is 1464873187 a prime number?
False
Is 1568994239 a prime number?
True
Is 311349943 prime?
True
Is 179416324663 a composite number?
True
Is 5348573661 prime?
False
Is 2793167129 a prime number?
False
Is 6362510383 a prime number?
True
Is 666173621 prime?
False
Is 827295509 composite?
False
Is 1447865413 a prime number?
True
Is 5594618569 a composite number?
True
Is 102341507 composite?
False
Is 44637492377 a composite number?
True
Is 45018187 a composite number?
False
Is 3308545531 composite?
False
Is 92445155779 a composite number?
False
Is 29635452257 prime?
False
Is 80265303601 composite?
True
Is 2280324323 prime?
True
Is 12291232693 a prime number?
True
Is 3574944607 a composite number?
True
Is 3170594671 a prime number?
False
Is 23933973619 a composite number?
True
Is 36911333981 a composite number?
False
Is 11515791877 a prime number?
True
Is 1089031727 prime?
False
Is 1055967443 a composite number?
True
Is 460571651 a composite number?
True
Is 1636522334 composite?
True
Is 12112809497 composite?
True
Is 1421295937 a composite number?
True
Is 9921266609 prime?
True
Is 2187543877 a prime number?
False
Is 38890741 prime?
True
Is 420788821 a prime number?
True
Is 7131818773 prime?
False
Is 6090100871 composite?
False
Is 26063247599 composite?
False
Is 2150155727 composite?
True
Is 1359035819 a composite number?
True
Is 815087953 a composite number?
True
Is 114511409 composite?
False
Is 31843877899 composite?
True
Is 28919603 a prime number?
True
Is 27485218991 a composite number?
True
Is 252089293 a composite number?
False
Is 293389412815 prime?
False
Is 4788513391 a prime number?
True
Is 17802534667 prime?
False
Is 1001010127 composite?
True
Is 381555641 prime?
False
Is 12823170029 a prime number?
True
Is 14927275147 a prime number?
True
Is 103201471 a composite number?
True
Is 4547105261 a prime number?
True
Is 201801947681 composite?
False
Is 94754388131 prime?
False
Is 5146181419 composite?
False
Is 11598942067 a composite number?
True
Is 657213601 composite?
True
Is 1056093421 a composite number?
True
Is 171947879 a composite number?
False
Is 15176872367 a composite number?
True
Is 43810498163 a prime number?
False
Is 4569992129 prime?
False
Is 3968597363 prime?
False
Is 159814613 a composite number?
True
Is 720698371 a composite number?
False
Is 3070197887 composite?
False
Is 4903344697 prime?
False
Is 4714346467 composite?
False
Is 71792627 composite?
True
Is 540860165 composite?
True
Is 9306803749 a composite number?
False
Is 92729040163 prime?
True
Is 3104180071 prime?
False
Is 2656665913 composite?
True
Is 4222258 composite?
True
Is 1023447937 a composite number?
False
Is 1405202605 a prime number?
False
Is 21910780789 a prime number?
False
Is 5337112471 a composite number?
True
Is 1585362631 composite?
False
Is 2876690209 prime?
False
Is 7972644907 composite?
False
Is 10521397793 a composite number?
True
Is 11089293473 prime?
True
Is 64166929 a composite number?
True
Is 58185570143 prime?
False
Is 52100735623 a composite number?
False
Is 5958744161 a composite number?
False
Is 2857354517 prime?
True
Is 64379923339 prime?
True
Is 3269376403 composite?
True
Is 1634375209 a composite number?
False
Is 85527730741 prime?
True
Is 121059926791 a composite number?
False
Is 14723657461 composite?
False
Is 60825266 prime?
False
Is 6901879417 a prime number?
True
Is 9224753 a composite number?
False
Is 143820353 prime?
False
Is 958948909 prime?
False
Is 1713990373 a co